{"id":20,"date":"2021-03-27T17:27:41","date_gmt":"2021-03-27T17:27:41","guid":{"rendered":"https:\/\/karategrojec.pl\/?page_id=20"},"modified":"2025-12-31T15:17:53","modified_gmt":"2025-12-31T15:17:53","slug":"klub","status":"publish","type":"page","link":"https:\/\/karategrojec.pl\/index.php\/klub\/","title":{"rendered":"Klub"},"content":{"rendered":"<p>[et_pb_section fb_built=&#8221;1&#8243; _builder_version=&#8221;4.27.3&#8243; _module_preset=&#8221;default&#8221; background_color=&#8221;#E02B20&#8243; custom_margin=&#8221;||29px|||&#8221; custom_padding=&#8221;0px||0px|||&#8221; global_colors_info=&#8221;{}&#8221;][et_pb_row _builder_version=&#8221;4.27.3&#8243; _module_preset=&#8221;default&#8221; custom_padding=&#8221;||14px|||&#8221; global_colors_info=&#8221;{}&#8221;][et_pb_column type=&#8221;4_4&#8243; _builder_version=&#8221;4.27.3&#8243; _module_preset=&#8221;default&#8221; global_colors_info=&#8221;{}&#8221;][et_pb_text _builder_version=&#8221;4.27.3&#8243; _module_preset=&#8221;default&#8221; text_font=&#8221;Poppins|800|||||||&#8221; custom_padding=&#8221;0px|||||&#8221; hover_enabled=&#8221;0&#8243; global_colors_info=&#8221;{}&#8221; sticky_enabled=&#8221;0&#8243; text_font_size=&#8221;23px&#8221;]<\/p>\n<p style=\"text-align: center;\"><span style=\"color: #ffffff;\">DOJO KARATE IKA POLAND<\/span><\/p>\n<h2 style=\"text-align: center;\"><\/h2>\n<p>[\/et_pb_text][\/et_pb_column][\/et_pb_row][\/et_pb_section][et_pb_section fb_built=&#8221;1&#8243; _builder_version=&#8221;4.27.3&#8243; _module_preset=&#8221;default&#8221; custom_padding=&#8221;||0px|||&#8221; global_colors_info=&#8221;{}&#8221;][et_pb_row column_structure=&#8221;3_5,2_5&#8243; _builder_version=&#8221;4.16&#8243; _module_preset=&#8221;default&#8221; custom_margin=&#8221;-4px||||false|false&#8221; custom_padding=&#8221;0px||||false|false&#8221; global_colors_info=&#8221;{}&#8221;][et_pb_column type=&#8221;3_5&#8243; _builder_version=&#8221;4.16&#8243; _module_preset=&#8221;default&#8221; global_colors_info=&#8221;{}&#8221;][et_pb_image src=&#8221;https:\/\/karategrojec.pl\/wp-content\/uploads\/2025\/12\/Czerwony-Prosty-Miska-Makaron-Jedzenie-Post-na-Facebook.png&#8221; title_text=&#8221;Czerwony Prosty Miska Makaron Jedzenie Post na Facebook&#8221; url=&#8221;https:\/\/karategrojec.pl\/wp-content\/uploads\/2021\/05\/IMG_20210507_214853.jpg&#8221; _builder_version=&#8221;4.27.3&#8243; _module_preset=&#8221;default&#8221; custom_margin=&#8221;12px|||||&#8221; box_shadow_style=&#8221;preset1&#8243; global_colors_info=&#8221;{}&#8221;][\/et_pb_image][\/et_pb_column][et_pb_column type=&#8221;2_5&#8243; _builder_version=&#8221;4.16&#8243; _module_preset=&#8221;default&#8221; global_colors_info=&#8221;{}&#8221;][et_pb_text _builder_version=&#8221;4.27.3&#8243; _module_preset=&#8221;default&#8221; text_font=&#8221;Poppins||||||||&#8221; text_font_size=&#8221;16px&#8221; global_colors_info=&#8221;{}&#8221;]<\/p>\n<p style=\"text-align: justify;\">Klub Karate Dojo Gr\u00f3jec IKA POLAND, za\u0142o\u017cony zosta\u0142 w 1992 roku przez Sensei Leszka Michalak 2 dan, kt\u00f3ry przez ponad 15 lat by\u0142 g\u0142\u00f3wnym szkoleniowcem oraz egzaminatorem. W przeci\u0105gu blisko 15 letniej dzia\u0142alno\u015bci Sensei Leszek wychowa\u0142 ponad 30 czarnych pas\u00f3w. Obecnie klub prowadzony jest przez Shihana Jacka Cha\u0142upka 5 dan, kt\u00f3ry kontynuuje szkolenie dzieci, m\u0142odzie\u017cy i doros\u0142ych, przekazuj\u0105c kolejnym pokoleni\u0105 wiedz\u0119 na temat sztuk walki.<\/p>\n<p style=\"text-align: justify;\">Treningi prowadzone s\u0105 w dojo, czyli typowej japo\u0144skiej sali przystosowanej do sztuk walk. Dysponujemy dwiema salami: Dojo A (sala g\u0142\u00f3wna), Dojo B (sala uzupe\u0142niaj\u0105ca). W treningu dzieci g\u0142\u00f3wny nacisk k\u0142adziemy na trening og\u00f3lnorozwojowy oraz r\u00f3wnomierny rozw\u00f3j takich cech jak: szybko\u015b\u0107, gibko\u015b\u0107, skoczno\u015b\u0107, wytrzyma\u0142o\u015b\u0107. Dlatego treningi karate uzupe\u0142niane s\u0105 elementami akrobatyki, \u0107wicze\u0144 koordynacyjnych czy crossowych.<\/p>\n<p><a href=\"https:\/\/karategrojec.pl\/index.php\/o-nas\/\">Czytaj wi\u0119cej &#8230;<\/a><\/p>\n<ul><\/ul>\n<p>[\/et_pb_text][\/et_pb_column][\/et_pb_row][\/et_pb_section][et_pb_section fb_built=&#8221;1&#8243; _builder_version=&#8221;4.16&#8243; _module_preset=&#8221;default&#8221; custom_padding=&#8221;0px|||||&#8221; global_colors_info=&#8221;{}&#8221;][et_pb_row column_structure=&#8221;1_4,1_4,1_4,1_4&#8243; _builder_version=&#8221;4.16&#8243; _module_preset=&#8221;default&#8221; global_colors_info=&#8221;{}&#8221;][et_pb_column type=&#8221;1_4&#8243; _builder_version=&#8221;4.16&#8243; _module_preset=&#8221;default&#8221; global_colors_info=&#8221;{}&#8221;][et_pb_image src=&#8221;https:\/\/karategrojec.pl\/wp-content\/uploads\/2022\/08\/Gold-Brush-Glitter-feminine-Boutique-Circle-Logo-7.png&#8221; title_text=&#8221;Gold Brush Glitter feminine Boutique Circle Logo (7)&#8221; _builder_version=&#8221;4.16&#8243; _module_preset=&#8221;default&#8221; global_colors_info=&#8221;{}&#8221;][\/et_pb_image][\/et_pb_column][et_pb_column type=&#8221;1_4&#8243; _builder_version=&#8221;4.16&#8243; _module_preset=&#8221;default&#8221; global_colors_info=&#8221;{}&#8221;][et_pb_image src=&#8221;https:\/\/karategrojec.pl\/wp-content\/uploads\/2022\/08\/Gold-Brush-Glitter-feminine-Boutique-Circle-Logo-10.png&#8221; title_text=&#8221;Gold Brush Glitter feminine Boutique Circle Logo (10)&#8221; _builder_version=&#8221;4.16&#8243; _module_preset=&#8221;default&#8221; global_colors_info=&#8221;{}&#8221;][\/et_pb_image][\/et_pb_column][et_pb_column type=&#8221;1_4&#8243; _builder_version=&#8221;4.16&#8243; _module_preset=&#8221;default&#8221; global_colors_info=&#8221;{}&#8221;][et_pb_image src=&#8221;https:\/\/karategrojec.pl\/wp-content\/uploads\/2022\/08\/Gold-Brush-Glitter-feminine-Boutique-Circle-Logo-9.png&#8221; title_text=&#8221;Gold Brush Glitter feminine Boutique Circle Logo (9)&#8221; _builder_version=&#8221;4.16&#8243; _module_preset=&#8221;default&#8221; global_colors_info=&#8221;{}&#8221;][\/et_pb_image][\/et_pb_column][et_pb_column type=&#8221;1_4&#8243; _builder_version=&#8221;4.16&#8243; _module_preset=&#8221;default&#8221; global_colors_info=&#8221;{}&#8221;][et_pb_image src=&#8221;https:\/\/karategrojec.pl\/wp-content\/uploads\/2022\/08\/Gold-Brush-Glitter-feminine-Boutique-Circle-Logo-8.png&#8221; title_text=&#8221;Gold Brush Glitter feminine Boutique Circle Logo (8)&#8221; _builder_version=&#8221;4.16&#8243; _module_preset=&#8221;default&#8221; global_colors_info=&#8221;{}&#8221;][\/et_pb_image][\/et_pb_column][\/et_pb_row][et_pb_row column_structure=&#8221;1_4,1_4,1_4,1_4&#8243; _builder_version=&#8221;4.27.3&#8243; _module_preset=&#8221;default&#8221; global_colors_info=&#8221;{}&#8221;][et_pb_column type=&#8221;1_4&#8243; _builder_version=&#8221;4.27.3&#8243; _module_preset=&#8221;default&#8221; global_colors_info=&#8221;{}&#8221;][et_pb_image src=&#8221;https:\/\/karategrojec.pl\/wp-content\/uploads\/2025\/10\/Course.png&#8221; title_text=&#8221;Course&#8221; _builder_version=&#8221;4.27.3&#8243; _module_preset=&#8221;default&#8221; animation_style=&#8221;fade&#8221; global_colors_info=&#8221;{}&#8221;][\/et_pb_image][\/et_pb_column][et_pb_column type=&#8221;1_4&#8243; _builder_version=&#8221;4.27.3&#8243; _module_preset=&#8221;default&#8221; global_colors_info=&#8221;{}&#8221;][et_pb_image src=&#8221;https:\/\/karategrojec.pl\/wp-content\/uploads\/2023\/09\/slowakiaopen_opt.png&#8221; alt=&#8221;Slovakia Open&#8221; title_text=&#8221;slowakiaopen_opt&#8221; _builder_version=&#8221;4.27.3&#8243; _module_preset=&#8221;default&#8221; animation_style=&#8221;fade&#8221; global_colors_info=&#8221;{}&#8221;][\/et_pb_image][\/et_pb_column][et_pb_column type=&#8221;1_4&#8243; _builder_version=&#8221;4.27.3&#8243; _module_preset=&#8221;default&#8221; global_colors_info=&#8221;{}&#8221;][et_pb_image src=&#8221;https:\/\/karategrojec.pl\/wp-content\/uploads\/2025\/12\/Projekt-bez-nazwy68.png&#8221; title_text=&#8221;Projekt bez nazwy(68)&#8221; _builder_version=&#8221;4.27.3&#8243; _module_preset=&#8221;default&#8221; animation_style=&#8221;fade&#8221; global_colors_info=&#8221;{}&#8221;][\/et_pb_image][\/et_pb_column][et_pb_column type=&#8221;1_4&#8243; _builder_version=&#8221;4.27.3&#8243; _module_preset=&#8221;default&#8221; global_colors_info=&#8221;{}&#8221;][et_pb_image src=&#8221;https:\/\/karategrojec.pl\/wp-content\/uploads\/2023\/09\/Projekt-bez-nazwy46.png&#8221; title_text=&#8221;Projekt bez nazwy(46)&#8221; _builder_version=&#8221;4.27.3&#8243; _module_preset=&#8221;default&#8221; global_colors_info=&#8221;{}&#8221;][\/et_pb_image][\/et_pb_column][\/et_pb_row][\/et_pb_section]<\/p>\n","protected":false},"excerpt":{"rendered":"<p>DOJO KARATE IKA POLAND Klub Karate Dojo Gr\u00f3jec IKA POLAND, za\u0142o\u017cony zosta\u0142 w 1992 roku przez Sensei Leszka Michalak 2 dan, kt\u00f3ry przez ponad 15 lat by\u0142 g\u0142\u00f3wnym szkoleniowcem oraz egzaminatorem. W przeci\u0105gu blisko 15 letniej dzia\u0142alno\u015bci Sensei Leszek wychowa\u0142 ponad 30 czarnych pas\u00f3w. Obecnie klub prowadzony jest przez Shihana Jacka Cha\u0142upka 5 dan, kt\u00f3ry [&hellip;]<\/p>\n","protected":false},"author":1,"featured_media":0,"parent":0,"menu_order":0,"comment_status":"closed","ping_status":"closed","template":"","meta":{"_et_pb_use_builder":"on","_et_pb_old_content":"","_et_gb_content_width":"","footnotes":""},"_links":{"self":[{"href":"https:\/\/karategrojec.pl\/index.php\/wp-json\/wp\/v2\/pages\/20"}],"collection":[{"href":"https:\/\/karategrojec.pl\/index.php\/wp-json\/wp\/v2\/pages"}],"about":[{"href":"https:\/\/karategrojec.pl\/index.php\/wp-json\/wp\/v2\/types\/page"}],"author":[{"embeddable":true,"href":"https:\/\/karategrojec.pl\/index.php\/wp-json\/wp\/v2\/users\/1"}],"replies":[{"embeddable":true,"href":"https:\/\/karategrojec.pl\/index.php\/wp-json\/wp\/v2\/comments?post=20"}],"version-history":[{"count":7,"href":"https:\/\/karategrojec.pl\/index.php\/wp-json\/wp\/v2\/pages\/20\/revisions"}],"predecessor-version":[{"id":5496,"href":"https:\/\/karategrojec.pl\/index.php\/wp-json\/wp\/v2\/pages\/20\/revisions\/5496"}],"wp:attachment":[{"href":"https:\/\/karategrojec.pl\/index.php\/wp-json\/wp\/v2\/media?parent=20"}],"curies":[{"name":"wp","href":"https:\/\/api.w.org\/{rel}","templated":true}]}}